{"id":1199,"date":"2021-09-29T23:04:54","date_gmt":"2021-09-29T20:04:54","guid":{"rendered":"https:\/\/www.duyangelsin.com\/?post_type=product&#038;p=1199"},"modified":"2021-09-29T23:04:54","modified_gmt":"2021-09-29T20:04:54","slug":"gano-fresh","status":"publish","type":"product","link":"https:\/\/www.duyangelsin.com\/index.php\/urun\/gano-fresh\/","title":{"rendered":"Gano Fresh"},"content":{"rendered":"<p>Gano Fresh, di\u015f ve di\u015fetlerini temiz ve ferah tutmak i\u00e7in \u00f6zel olarak form\u00fcle edilmi\u015ftir.<\/p>\n<p>Ferahlat\u0131c\u0131 aromas\u0131 ile a\u011fz\u0131n\u0131z\u0131n her g\u00fcn temiz olmas\u0131n\u0131 ve nane kokulu hissetmenizi sa\u011flar.<\/p>\n<h3><strong>\u00dcr\u00fcn Detaylar\u0131<\/strong><\/h3>\n<p><strong>Tip:<\/strong>\u00a0Ki\u015fisel bak\u0131m \u00fcr\u00fcnleri<\/p>\n<p><strong>\u00dcr\u00fcn Kodu:\u00a0<\/strong>GF<\/p>\n<p><strong>Adet:\u00a0<\/strong>1 adet<\/p>\n<p><strong>Net\u00a0 Miktar:\u00a0<\/strong>150 gr.<\/p>\n","protected":false},"excerpt":{"rendered":"<p>Gano Fresh, di\u015f ve di\u015fetlerini temiz ve ferah tutmak i\u00e7in \u00f6zel olarak form\u00fcle edilmi\u015ftir. Ferahlat\u0131c\u0131 aromas\u0131 ile a\u011fz\u0131n\u0131z\u0131n her g\u00fcn temiz olmas\u0131n\u0131 ve nane kokulu hissetmenizi sa\u011flar. \u00dcr\u00fcn Detaylar\u0131 Tip:\u00a0Ki\u015fisel bak\u0131m \u00fcr\u00fcnleri \u00dcr\u00fcn Kodu:\u00a0GF Adet:\u00a01 adet Net\u00a0 Miktar:\u00a0150 gr.<\/p>\n","protected":false},"featured_media":1200,"comment_status":"open","ping_status":"closed","template":"","meta":[],"product_cat":[138],"product_tag":[151,153,147,148,144,145,146,152,150,149],"_links":{"self":[{"href":"https:\/\/www.duyangelsin.com\/index.php\/wp-json\/wp\/v2\/product\/1199"}],"collection":[{"href":"https:\/\/www.duyangelsin.com\/index.php\/wp-json\/wp\/v2\/product"}],"about":[{"href":"https:\/\/www.duyangelsin.com\/index.php\/wp-json\/wp\/v2\/types\/product"}],"replies":[{"embeddable":true,"href":"https:\/\/www.duyangelsin.com\/index.php\/wp-json\/wp\/v2\/comments?post=1199"}],"wp:featuredmedia":[{"embeddable":true,"href":"https:\/\/www.duyangelsin.com\/index.php\/wp-json\/wp\/v2\/media\/1200"}],"wp:attachment":[{"href":"https:\/\/www.duyangelsin.com\/index.php\/wp-json\/wp\/v2\/media?parent=1199"}],"wp:term":[{"taxonomy":"product_cat","embeddable":true,"href":"https:\/\/www.duyangelsin.com\/index.php\/wp-json\/wp\/v2\/product_cat?post=1199"},{"taxonomy":"product_tag","embeddable":true,"href":"https:\/\/www.duyangelsin.com\/index.php\/wp-json\/wp\/v2\/product_tag?post=1199"}],"curies":[{"name":"wp","href":"https:\/\/api.w.org\/{rel}","templated":true}]}}