{"id":1189,"date":"2021-09-29T22:44:41","date_gmt":"2021-09-29T19:44:41","guid":{"rendered":"https:\/\/www.duyangelsin.com\/?post_type=product&#038;p=1189"},"modified":"2021-09-29T22:44:41","modified_gmt":"2021-09-29T19:44:41","slug":"gano-cafe-mocha","status":"publish","type":"product","link":"https:\/\/www.duyangelsin.com\/index.php\/urun\/gano-cafe-mocha\/","title":{"rendered":"Gano Cafe Mocha"},"content":{"rendered":"<p>GANOCAF\u00c9 MOCHA, kahve tozu, kakao tozu ve Ganoderma Lucidum<em>\u00a0<\/em>\u00f6z\u00fcn\u00fcn bir kombinasyonudur.<\/p>\n<p>Size otantik yumu\u015fak ve kremal\u0131 kahve lezzeti sunmak \u00fczere harmanlanm\u0131\u015ft\u0131r. Men\u015fei olarak yerel nitelik<\/p>\n<p>ta\u015f\u0131sa da, lezzeti uluslararas\u0131 \u00f6l\u00e7e\u011fe ula\u015fm\u0131\u015ft\u0131r.<\/p>\n<h3><strong>\u00dcr\u00fcn Detaylar\u0131<\/strong><\/h3>\n<p><strong>Tip:<\/strong>\u00a0Kahve<\/p>\n<p><strong>\u00dcr\u00fcn Kodu:\u00a0<\/strong>CM<\/p>\n<p><strong>Adet:<\/strong>\u00a015 po\u015fet<\/p>\n<p><strong>Net Miktar:<\/strong>\u00a028 gr. (1 po\u015fet)<\/p>\n","protected":false},"excerpt":{"rendered":"<p>GANOCAF\u00c9 MOCHA, kahve tozu, kakao tozu ve Ganoderma Lucidum\u00a0\u00f6z\u00fcn\u00fcn bir kombinasyonudur. Size otantik yumu\u015fak ve kremal\u0131 kahve lezzeti sunmak \u00fczere harmanlanm\u0131\u015ft\u0131r. Men\u015fei olarak yerel nitelik ta\u015f\u0131sa da, lezzeti uluslararas\u0131 \u00f6l\u00e7e\u011fe ula\u015fm\u0131\u015ft\u0131r. \u00dcr\u00fcn Detaylar\u0131 Tip:\u00a0Kahve \u00dcr\u00fcn Kodu:\u00a0CM Adet:\u00a015 po\u015fet Net Miktar:\u00a028 gr. (1 po\u015fet)<\/p>\n","protected":false},"featured_media":1190,"comment_status":"open","ping_status":"closed","template":"","meta":[],"product_cat":[83],"product_tag":[107,87,105,106,108,103,102,104],"_links":{"self":[{"href":"https:\/\/www.duyangelsin.com\/index.php\/wp-json\/wp\/v2\/product\/1189"}],"collection":[{"href":"https:\/\/www.duyangelsin.com\/index.php\/wp-json\/wp\/v2\/product"}],"about":[{"href":"https:\/\/www.duyangelsin.com\/index.php\/wp-json\/wp\/v2\/types\/product"}],"replies":[{"embeddable":true,"href":"https:\/\/www.duyangelsin.com\/index.php\/wp-json\/wp\/v2\/comments?post=1189"}],"wp:featuredmedia":[{"embeddable":true,"href":"https:\/\/www.duyangelsin.com\/index.php\/wp-json\/wp\/v2\/media\/1190"}],"wp:attachment":[{"href":"https:\/\/www.duyangelsin.com\/index.php\/wp-json\/wp\/v2\/media?parent=1189"}],"wp:term":[{"taxonomy":"product_cat","embeddable":true,"href":"https:\/\/www.duyangelsin.com\/index.php\/wp-json\/wp\/v2\/product_cat?post=1189"},{"taxonomy":"product_tag","embeddable":true,"href":"https:\/\/www.duyangelsin.com\/index.php\/wp-json\/wp\/v2\/product_tag?post=1189"}],"curies":[{"name":"wp","href":"https:\/\/api.w.org\/{rel}","templated":true}]}}